{"id":6540,"date":"2018-08-22T01:08:40","date_gmt":"2018-08-21T22:08:40","guid":{"rendered":"http:\/\/woodengift.ro\/?page_id=6540"},"modified":"2018-08-22T01:10:16","modified_gmt":"2018-08-21T22:10:16","slug":"comenzi-si-livrari","status":"publish","type":"page","link":"https:\/\/woodengift.ro\/?page_id=6540","title":{"rendered":"Comenzi \u0219i livr\u0103ri"},"content":{"rendered":"<p><span style=\"font-weight: 400;\">E important s\u0103 \u0219ti\u021bi c\u0103 acesta nu e un magazin online clasic \u00een care vindem din stoc diverse produse prefabricate. Fiecare obiect pe care il ve\u021bi vedea aici are identitatea proprie, amprenta care il face unicat. Fiecare obiect are o poveste, care \u00eencepe de regul\u0103 cu o bucat\u0103 de lemn salvat\u0103 dintr-un garaj sau dat\u0103 uitarii \u00eentr-un colt de p\u0103dure. Este lucrat manual \u0219i uneori acest proces poate cere mai mult timp dec\u00e2t ne-am obisnuit s\u0103 a\u0219tept\u0103m.\u00a0<\/span><\/p>\n<p><span style=\"font-weight: 400;\">Clien\u021bii WoodenGift au doua op\u021biuni de a-\u0219i procura un cadou din lemn unicat sau o decora\u021biune personalizat\u0103 din lemn: ve\u021bi reg\u0103si aici actualizate permanent produsele care ies din atelier \u0219i le pute\u021bi comanda. Daca a\u021bi \u201cratat\u201d un obiect, dar v\u0103 place sau v\u0103 inspira, putem realiza la comanda un produs similar. Similar, dar nu identic; asa cum spuneam, fiindc\u0103 fiecare bucat\u0103 de lemn are o poveste unic\u0103.<\/span><\/p>\n<p><span style=\"font-weight: 400;\">\u00cen Bucure\u0219ti livr\u0103m comenzile personal sau cu ridicare de la atelier; iar \u00een tar\u0103 \u0219i oriunde \u00een Europa, prin curier.<\/span><\/p>\n<p><span style=\"font-weight: 400;\">Preg\u0103tim \u0219i livr\u0103m obiecte din lemn pentru decorarea caselor \u0219i birourilor, pentru evenimente de business. Realiz\u0103m \u0219i personaliz\u0103m la cerere comenzi pentru persoane fizice sau companii, produse singulare sau comenzi mai mari. Contacta\u021bi-ne \u0219i spune\u021bi-ne despre proiectul dumneavoastr\u0103!<\/span><\/p>\n","protected":false},"excerpt":{"rendered":"<p>E important s\u0103 \u0219ti\u021bi c\u0103 acesta nu e un magazin online clasic \u00een care vindem din stoc diverse produse prefabricate. Fiecare obiect pe care il ve\u021bi vedea aici are identitatea proprie, amprenta care il face unicat. Fiecare obiect are o poveste, care \u00eencepe de regul\u0103 cu o bucat\u0103 de lemn salvat\u0103 dintr-un garaj sau dat\u0103 [&hellip;]<\/p>\n","protected":false},"author":1,"featured_media":0,"parent":0,"menu_order":0,"comment_status":"closed","ping_status":"closed","template":"","meta":[],"brizy_media":[],"_links":{"self":[{"href":"https:\/\/woodengift.ro\/index.php?rest_route=\/wp\/v2\/pages\/6540"}],"collection":[{"href":"https:\/\/woodengift.ro\/index.php?rest_route=\/wp\/v2\/pages"}],"about":[{"href":"https:\/\/woodengift.ro\/index.php?rest_route=\/wp\/v2\/types\/page"}],"author":[{"embeddable":true,"href":"https:\/\/woodengift.ro\/index.php?rest_route=\/wp\/v2\/users\/1"}],"replies":[{"embeddable":true,"href":"https:\/\/woodengift.ro\/index.php?rest_route=%2Fwp%2Fv2%2Fcomments&post=6540"}],"version-history":[{"count":2,"href":"https:\/\/woodengift.ro\/index.php?rest_route=\/wp\/v2\/pages\/6540\/revisions"}],"predecessor-version":[{"id":6542,"href":"https:\/\/woodengift.ro\/index.php?rest_route=\/wp\/v2\/pages\/6540\/revisions\/6542"}],"wp:attachment":[{"href":"https:\/\/woodengift.ro\/index.php?rest_route=%2Fwp%2Fv2%2Fmedia&parent=6540"}],"curies":[{"name":"wp","href":"https:\/\/api.w.org\/{rel}","templated":true}]}}