{"id":6571,"date":"2018-09-11T20:28:35","date_gmt":"2018-09-11T17:28:35","guid":{"rendered":"https:\/\/woodengift.ro\/?page_id=6571"},"modified":"2018-09-12T00:30:01","modified_gmt":"2018-09-11T21:30:01","slug":"politica-de-confidentialitate-si-de-protectie-a-datelor-personale","status":"publish","type":"page","link":"https:\/\/woodengift.ro\/?page_id=6571","title":{"rendered":"Politica de confiden\u0163ialitate"},"content":{"rendered":"<h5>Politica de confiden\u0163ialitate \u0219i de protec\u021bie a datelor personale<\/h5>\n<p><span style=\"font-weight: 400;\">S.C. HCI TOP PROIECT S.R.L. solicit\u0103 vizitatorului\/utilizatorului s\u0103 aloce c\u00e2teva minute pentru a citi cu aten\u021bie prezenta politic\u0103 de confiden\u021bialitate.<\/span><\/p>\n<p><span style=\"font-weight: 400;\">Tuturor persoanelor care \u00eencriu datele lor personale pe site-ul <\/span><a href=\"http:\/\/www.woodengift.ro\"><span style=\"font-weight: 400;\">www.woodengift.ro<\/span><\/a><span style=\"font-weight: 400;\"> de\u021binut de S.C. HCI TOP PROIECT S.R.L., v\u0103 aducem la cuno\u0219tin\u021b\u0103 obliga\u021biile ce v\u0103 revin conform reglement\u0103rilor na\u021bionale \u0219i europene, conform legilor:<\/span><\/p>\n<ul>\n<li style=\"font-weight: 400;\"><span style=\"font-weight: 400;\">nr. 677 din 21 noiembrie 2001 pentru protec\u0163ia persoanelor cu privire la prelucrarea datelor cu caracter personal <\/span><\/li>\n<li style=\"font-weight: 400;\"><span style=\"font-weight: 400;\">nr. 506 din 2004 privind prelucrarea datelor cu caracter personal \u015fi protec\u0163ia vie\u0163ii private \u00een sectorul comunica\u0163iilor electronice \u0219i la Regulamentul (UE) 679\/2016 al Parlamentului European \u0219i al Consiliului din 26 aprilie 2016 privind protec\u021bia persoanelor fizice \u00een ceea ce prive\u0219te prelucrarea datelor cu caracter personal \u0219i privind libera circula\u021bie a acestor date \u0219i de abrogare a Directivei 95\/46\/CE (Regulamentul General privind protec\u021bia datelor) <\/span><\/li>\n<\/ul>\n<p><span style=\"font-weight: 400;\">Plas\u00e2nd o comanda pe site-ul <\/span><a href=\"http:\/\/www.woodengift.ro\"><span style=\"font-weight: 400;\">www.woodengift.ro<\/span><\/a><span style=\"font-weight: 400;\">, se \u00eenregistreaz\u0103 \u0219i se stocheaz\u0103 date referitoare la nume, adres\u0103, telefon, metoda de plat\u0103 selectat\u0103 \u0219i e-mail. <\/span><\/p>\n<p><span style=\"font-weight: 400;\">Datele Dumneavoastra vor fi tratate \u00een conformitate cu legisla\u021bia actual\u0103 privind Protec\u021bia Datelor cu Caracter Personal.<\/span><\/p>\n<h5><span style=\"font-weight: 400;\"><br \/>\n<\/span><b>Ce date personale colect\u0103m \u0219i cum le folosim?<\/b><\/h5>\n<p><span style=\"font-weight: 400;\">Informa\u021biile ce ne sunt necesare pentru preg\u0103tirea \u0219i livrarea comenzilor plasate de dumneavoastr\u0103 pe site-ul <\/span><a href=\"http:\/\/www.woodengift.ro\"><span style=\"font-weight: 400;\">www.woodengift.ro<\/span><\/a><span style=\"font-weight: 400;\"> sunt informa\u021bii de contact: cum ar fi numele dumneavoastr\u0103, adresa po\u0219tal\u0103, num\u0103rul de telefon mobil sau fix \u0219i adresa de e-mail; <\/span><\/p>\n<p><span style=\"font-weight: 400;\">Este util sa ne furniza\u0163i aceste informa\u0163ii pentru a putea executa contractul de v\u00e2nzare la distan\u0163\u0103 (adica, comanda online \u00een termeni juridici). Ne va fi imposibil s\u0103 v\u0103 expediem comanda dac\u0103 nu \u015ftim cum v\u0103 numi\u0163i, unde dori\u0163i s\u0103 primi\u0163i coletul sau cum v\u0103 poate contacta curierul.<\/span><\/p>\n<p><span style=\"font-weight: 400;\">Echipa S.C. HCI TOP PROIECT S.R.L., v\u0103 va contacta pentru confirmarea comenzii via e-mail sau telefonic, pentru a putea finaliza cu succes comanda dumneavoastr\u0103. \u00a0<\/span><\/p>\n<p><span style=\"font-weight: 400;\">Compania cu care lucr\u0103m pentru livrarea prin curier a comenzilor dumneavoastr\u0103 v\u0103 va contacta prin mesaje de tip SMS sau telefonic pentru a v\u0103 transmite detalii despre ziua \u0219i ora livr\u0103rii comenzii dumneavoastr\u0103.<\/span><\/p>\n<p><b>Modalitate de plat\u0103<\/b><span style=\"font-weight: 400;\">: S.C. HCI TOP PROIECT S.R.L., intermediaz\u0103 doar preluarea datelor bancare sau a modalit\u0103\u021bii de plat\u0103 selectate pe site-ul <\/span><a href=\"http:\/\/www.woodengift.ro\"><span style=\"font-weight: 400;\">www.woodengift.ro<\/span><\/a><span style=\"font-weight: 400;\">, acestea fiind procesate \u0219i gestionate de procesatorul de pl\u0103\u021bi cu care lucr\u0103m: PAYU.<\/span><\/p>\n<p><b>Istoricul comenzilor<\/b><span style=\"font-weight: 400;\"> \u0219i produselor p\u0103strate \u00een co\u0219ul de cump\u0103r\u0103turi: vom p\u0103stra istoricul comenzilor Dumneavoastr\u0103 pentru a putea preveni \u015fi detecta fraudele care v\u0103 vizeaz\u0103 at\u00e2t pe dumneavoastr\u0103, c\u00e2t \u015fi pe noi.<\/span><\/p>\n<p><b>E-mail-ul<\/b><span style=\"font-weight: 400;\">: va fi folosit doar cu acordul dumneavoastr\u0103 pentru a v\u0103 putea trimite ultimele nout\u0103\u021bi sau promo\u021bii disponibile pe site-ul <\/span><a href=\"http:\/\/www.woodengift.ro\"><span style=\"font-weight: 400;\">www.woodengift.ro<\/span><\/a><span style=\"font-weight: 400;\">, dar \u0219i infiorma\u021bii referitoare la statusul comenzii, livrare \u0219i factur\u0103.<\/span><\/p>\n<p>&nbsp;<\/p>\n<h5><b>Durata stoc\u0103rii datelor cu caracter personal<\/b><span style=\"font-weight: 400;\">.<\/span><\/h5>\n<p><span style=\"font-weight: 400;\">Vom p\u0103stra informa\u0163iile cu caracter personal furnizate de c\u0103tre dumneavoastr\u0103 c\u00e2t timp\u00a0 ave\u0163i cont pe site-ul nostru, pentru timpul necesar onor\u0103rii comenzilor plasate de dumneavoastr\u0103, pentru intervalul necesar proces\u0103rii cererilor dumneavoastr\u0103.\u00a0<\/span><\/p>\n<p><span style=\"font-weight: 400;\">Dac\u0103 a\u0163i completat formularul de confirmare consim\u0163\u0103m\u00e2nt trimis pe e-mail, parte din campania de newsletter, v\u0103 inform\u0103m c\u0103 p\u0103str\u0103m informa\u0163iile oferite pentru un interval de 2 ani. <\/span><\/p>\n<p><span style=\"font-weight: 400;\">Datele de pe facturile emise de S.C. HCI TOP PROIECT S.R.L pentru Dumneavoastra se p\u0103streaz\u0103 timp de 10 ani, cu \u00eencepere de la data \u00eencheierii exerci\u021biului financiar \u00een cursul c\u0103ruia au fost \u00eentocmite facturile, conform legislatiei \u00een vigoare: legea contabilit\u0103\u021bii nr. 82\/1991.\u00a0<\/span><\/p>\n<h5><span style=\"font-weight: 400;\"><br \/>\n<\/span><b>Ce drepturi ave\u021bi?<\/b><\/h5>\n<p><span style=\"font-weight: 400;\">\u00a0Conform noului Regulament pentru Protec\u0163ia Datelor cu Caracter Personal, ave\u0163i urm\u0103toarele drepturi:<\/span><\/p>\n<ul>\n<li style=\"font-weight: 400;\"><b><i>De a accesa datele dumneavoastr\u0103<\/i><\/b><span style=\"font-weight: 400;\">: Ave\u021bi dreptul de a v\u0103 accesa datele pentru a \u0219ti care dintre datele cu caracter personal pe care le prelucr\u0103m v\u0103 privesc \u0219i care sunt condi\u021biile \u00een care sunt prelucrate.<\/span><\/li>\n<li style=\"font-weight: 400;\"><b><i>De a solicita rectificarea sau \u0219tergerea datelor dumneavoastr\u0103<\/i><\/b><span style=\"font-weight: 400;\">: \u00cen anumite circumstan\u021be, ave\u021bi dreptul de a rectifica datele cu caracter personal pe care le considera\u021bi inexacte \u0219i care v\u0103 privesc, \u0219i care sunt supuse prelucr\u0103rii de c\u0103tre S.C. HCI TOP PROIECT S.R.L., precum \u0219i dreptul de a solicita \u0219tergerea datelor atunci c\u00e2nd, printre alte motive, datele nu mai sunt necesare pentru scopurile \u00een care au fost colectate. <\/span><\/li>\n<li style=\"font-weight: 400;\"><b><i>De a solicita restric\u021bionarea prelucr\u0103rii datelor dumneavoastr\u0103<\/i><\/b><span style=\"font-weight: 400;\">: \u00cen anumite circumstan\u021be, ave\u021bi dreptul de a ne solicita restrictionarea prelucr\u0103rii datelor dumneavoastr\u0103, caz \u00een care v\u0103 inform\u0103m c\u0103 vom p\u0103stra datele \u00een leg\u0103tur\u0103 cu care a\u021bi solicitat restrictionarea prelucr\u0103rii numai pentru exercitarea sau ap\u0103rarea unui drept \u00een justi\u021bie.<\/span><\/li>\n<li style=\"font-weight: 400;\"><b><i>La portabilitatea datelor dumneavoastr\u0103<\/i><\/b><span style=\"font-weight: 400;\">: \u00cen anumite circumstan\u021be, ve\u021bi avea dreptul s\u0103 primi\u021bi datele personale care v\u0103 privesc, \u0219i pe care ni le-a\u021bi furnizat, \u00eentr-un format structurat utilizat \u00een mod curent \u0219i care poate fi citit automat, precum \u0219i ca acestea s\u0103 fie transmise de S.C. HCI TOP PROIECT S.R.L. c\u0103tre alt operator. <\/span><\/li>\n<li style=\"font-weight: 400;\"><b><i>De a v\u0103 opune prelucr\u0103rii datelor dumneavoastr\u0103<\/i><\/b><span style=\"font-weight: 400;\">: \u00cen anumite circumstan\u021be \u0219i din motive legate de situa\u021bia dumneavoastr\u0103 particular\u0103, ave\u021bi dreptul de a v\u0103 opune prelucr\u0103rii datelor dumneavoastr\u0103, caz \u00een care prelucrarea va \u00eenceta, cu excep\u021bia cazului \u00een care trebuie s\u0103 continu\u0103m s\u0103 facem acest lucru din motive legitime imperioase sau pentru exercitarea sau ap\u0103rarea unui drept \u00een justi\u021bie.<\/span><\/li>\n<li style=\"font-weight: 400;\"><b><i>De a nu face obiectul unei decizii bazate exclusiv pe prelucrare automatizat\u0103, inclusiv crearea de profiluri<\/i><\/b><span style=\"font-weight: 400;\">, care produce efecte juridice care privesc persoana vizat\u0103 sau o afecteaz\u0103 pe aceasta \u00een mod similar \u00eentr-o manier\u0103 semnificativ\u0103.<\/span><\/li>\n<li style=\"font-weight: 400;\"><b><i>De a depune o pl\u00e2ngere la Autoritatea de Protec\u021bie a Datelor<\/i><\/b><span style=\"font-weight: 400;\"> (ANSPDCP) \u0219i dreptul de a v\u0103 adresa instan\u021belor de judecat\u0103 competente.<\/span><\/li>\n<\/ul>\n<p><span style=\"font-weight: 400;\">De asemenea, v\u0103 reamintim c\u0103 ave\u021bi dreptul de a retrage orice consim\u021b\u0103m\u00e2nt pe care l-a\u021bi furnizat pentru prelucrarea datelor dumneavoastr\u0103, f\u0103r\u0103 ca acest lucru s\u0103 afecteze legalitatea prelucr\u0103rii pe baza consim\u021b\u0103m\u00e2ntului \u00eenainte de retragerea acestuia. <\/span><span style=\"font-weight: 400;\"><br \/>\n<\/span><span style=\"font-weight: 400;\">\u00cen situa\u021bia \u00een care considera\u021bi c\u0103 drepturile dumneavoastr\u0103 men\u021bionate mai sus au fost \u00eenc\u0103lcate, ave\u021bi posibilitatea de a v\u0103 adresa Autorit\u0103\u021bii Na\u021bionale pentru Supravegherea Prelucr\u0103rii Datelor cu Caracter Personal (ANSPDCP) prin depunerea unei pl\u00e2ngeri.<\/span><\/p>\n<p>&nbsp;<\/p>\n<h5><b>Transferul datelor c\u0103tre ter\u021bi<\/b><\/h5>\n<p><span style=\"font-weight: 400;\">S.C. HCI TOP PROIECT S.R.L nu va transmite datele dumneavoastr\u0103 personale unor ter\u021be p\u0103r\u021bi pentru a fi utilizate \u00een scopuri comerciale. <\/span><\/p>\n<p><span style=\"font-weight: 400;\">Informa\u021biile colectate sunt destinate numai utiliz\u0103rii de c\u0103tre S.C. HCI TOP PROIECT S.R.L \u0219i sunt comunicate doar ter\u021bilor furnizori \u0219i partenerilor implica\u021bi in mod direct sau indirect in procesele aferente scopurilor mai sus men\u021bionate (furnizori de servicii de curierat, furnizori de servicii de procesare pl\u0103\u021bi, furnizori servicii e-mail, site, etc.).<\/span><\/p>\n<p>&nbsp;<\/p>\n<h5><span style=\"font-weight: 400;\">\u00a0<\/span><b>Cum ne contactati?<\/b><\/h5>\n<ol>\n<li>\n<h6><b>Prin telefon.<\/b><\/h6>\n<p><span style=\"font-weight: 400;\">V\u0103 a\u0219tept\u0103m zilnic de luni p\u00e2n\u0103 vineri \u00eentre 10:00 la 17:00. la telefonul 0762.631.557 pentru a plasa o comand\u0103 sau pentru orice alt\u0103 intrebare. <\/span><\/li>\n<li>\n<h6><b> \u00cen scris:<\/b><\/h6>\n<\/li>\n<\/ol>\n<ul>\n<li style=\"font-weight: 400;\"><span style=\"font-weight: 400;\">la adresa e-mail: <\/span><a href=\"mailto:office@woodengift.ro\"><span style=\"font-weight: 400;\">office@woodengift.ro<\/span><\/a><span style=\"font-weight: 400;\"> sau <\/span><\/li>\n<li style=\"font-weight: 400;\"><span style=\"font-weight: 400;\">prin po\u0219ta la adresa judet Ilfov, comuna Chiajna, sat Dudu, strada Preot Sebe Costin nr 11. Destinatar SC HCI TOP PROIECT SRL<\/span><\/li>\n<\/ul>\n<p><span style=\"font-weight: 400;\">Persoana desemnat\u0103 de firma noastr\u0103 \u00een rela\u0163ia cu clien\u0163ii \u015fi userii site-ului, pentru a asigura conformitatea respect\u0103rii prevederilor Noului Regulament pentru Protec\u0163ia Datelor cu Caracter Personal este: Ionut Hancu.<\/span><\/p>\n<p>&nbsp;<\/p>\n<h5><b>Consim\u021b\u0103m\u00e2nt<\/b><\/h5>\n<p><span style=\"font-weight: 400;\">Prin utilizarea \u00een continuare a site-ului <\/span><a href=\"http:\/\/www.woodengift.ro\"><span style=\"font-weight: 400;\">www.woodengift.ro<\/span><\/a><span style=\"font-weight: 400;\">, declar faptul ca am citit \u0219i am \u00eenteles \u00een totalitate cele de mai sus \u0219i consimt prelucrarea \u0219i utilizarea datelor mele cu caracter personal, \u00een conformitate cu cele indicate \u00een prezentul document.<\/span><\/p>\n","protected":false},"excerpt":{"rendered":"<p>Politica de confiden\u0163ialitate \u0219i de protec\u021bie a datelor personale S.C. HCI TOP PROIECT S.R.L. solicit\u0103 vizitatorului\/utilizatorului s\u0103 aloce c\u00e2teva minute pentru a citi cu aten\u021bie prezenta politic\u0103 de confiden\u021bialitate. Tuturor persoanelor care \u00eencriu datele lor personale pe site-ul www.woodengift.ro de\u021binut de S.C. HCI TOP PROIECT S.R.L., v\u0103 aducem la cuno\u0219tin\u021b\u0103 obliga\u021biile ce v\u0103 revin conform [&hellip;]<\/p>\n","protected":false},"author":1,"featured_media":0,"parent":0,"menu_order":0,"comment_status":"closed","ping_status":"closed","template":"","meta":[],"brizy_media":[],"_links":{"self":[{"href":"https:\/\/woodengift.ro\/index.php?rest_route=\/wp\/v2\/pages\/6571"}],"collection":[{"href":"https:\/\/woodengift.ro\/index.php?rest_route=\/wp\/v2\/pages"}],"about":[{"href":"https:\/\/woodengift.ro\/index.php?rest_route=\/wp\/v2\/types\/page"}],"author":[{"embeddable":true,"href":"https:\/\/woodengift.ro\/index.php?rest_route=\/wp\/v2\/users\/1"}],"replies":[{"embeddable":true,"href":"https:\/\/woodengift.ro\/index.php?rest_route=%2Fwp%2Fv2%2Fcomments&post=6571"}],"version-history":[{"count":10,"href":"https:\/\/woodengift.ro\/index.php?rest_route=\/wp\/v2\/pages\/6571\/revisions"}],"predecessor-version":[{"id":6586,"href":"https:\/\/woodengift.ro\/index.php?rest_route=\/wp\/v2\/pages\/6571\/revisions\/6586"}],"wp:attachment":[{"href":"https:\/\/woodengift.ro\/index.php?rest_route=%2Fwp%2Fv2%2Fmedia&parent=6571"}],"curies":[{"name":"wp","href":"https:\/\/api.w.org\/{rel}","templated":true}]}}