{"id":6567,"date":"2018-09-05T00:21:43","date_gmt":"2018-09-04T21:21:43","guid":{"rendered":"https:\/\/woodengift.ro\/?post_type=product&#038;p=6567"},"modified":"2022-03-20T04:23:52","modified_gmt":"2022-03-20T02:23:52","slug":"decoratiune-licheni4","status":"publish","type":"product","link":"https:\/\/woodengift.ro\/?product=decoratiune-licheni4","title":{"rendered":"Decoratiune Licheni4"},"content":{"rendered":"<p>M-am g\u00e2ndit s\u0103 v\u0103 ofer o decora\u021biune original\u0103, autentic\u0103 \u0219i durabil\u0103. Este confec\u021bionat\u0103 din lemn nobil de mahon prelucrat \u0219i finisat manual, tratat cu ulei cerat, \u00eempodobit\u0103 cu licheni naturali stabiliza\u021bi care \u00ee\u0219i p\u0103streaz\u0103 forma \u0219i culoarea, nu necesit\u0103 udare sau alte opera\u021bii de \u00eentre\u021binere.<br \/>\nAcas\u0103 ori la birou, o decora\u021biune natural\u0103 care sa v\u0103 \u00eenfrumuse\u021beze ziua!<\/p>\n","protected":false},"excerpt":{"rendered":"<p>Dimensiuni: 24cm\/15 cm, \u00een\u0103l\u021bime 9cm.<\/p>\n","protected":false},"featured_media":6556,"template":"","meta":[],"product_cat":[56],"product_tag":[],"_links":{"self":[{"href":"https:\/\/woodengift.ro\/index.php?rest_route=\/wp\/v2\/product\/6567"}],"collection":[{"href":"https:\/\/woodengift.ro\/index.php?rest_route=\/wp\/v2\/product"}],"about":[{"href":"https:\/\/woodengift.ro\/index.php?rest_route=\/wp\/v2\/types\/product"}],"wp:featuredmedia":[{"embeddable":true,"href":"https:\/\/woodengift.ro\/index.php?rest_route=\/wp\/v2\/media\/6556"}],"wp:attachment":[{"href":"https:\/\/woodengift.ro\/index.php?rest_route=%2Fwp%2Fv2%2Fmedia&parent=6567"}],"wp:term":[{"taxonomy":"product_cat","embeddable":true,"href":"https:\/\/woodengift.ro\/index.php?rest_route=%2Fwp%2Fv2%2Fproduct_cat&post=6567"},{"taxonomy":"product_tag","embeddable":true,"href":"https:\/\/woodengift.ro\/index.php?rest_route=%2Fwp%2Fv2%2Fproduct_tag&post=6567"}],"curies":[{"name":"wp","href":"https:\/\/api.w.org\/{rel}","templated":true}]}}